nd c.
11
Suppose 2*h + 2*b + 4 = 5*h, 5*b = -10. Suppose h = 5*o - 0*o - 50. Suppose -20 + 12 = -4*a. What is the greatest common factor of a and o?
2
Let w be (34/28 + 33/(-22))*-35. Calculate the highest common divisor of w and 10.
10
Let r(d) = -2*d**2 - 53*d - 28. Let l be r(-22). What is the greatest common divisor of l and 30?
10
Let n(b) = b**2 + 9*b - 3 + 3*b - 6*b. Let x be n(-6). Let m(i) = -2*i**3 + 2*i**2 - 4*i + 1. Let o be m(x). What is the greatest common divisor of o and 34?
17
Let j be 8*7/(84/9). What is the highest common factor of 69 and j?
3
Let l be (10/5 - -1) + 205. Calculate the highest common divisor of l and 32.
16
Let w = -292 - -346. Suppose 3*d - 17 = 2*d + h, -3*d + 59 = 5*h. What is the highest common factor of d and w?
18
Suppose -2*t = 3*t - 5*f - 185, 4*t - 154 = -2*f. Suppose 4*m + 10 - t = 0. Suppose 2*r = 18*r - 1008. What is the greatest common divisor of m and r?
7
Let u = 10 - -6. Let p = u + -6. Let f(j) = j**2 + 3*j. Let g be f(7). What is the greatest common factor of g and p?
10
Let d = -281 + 431. Calculate the greatest common divisor of d and 30.
30
Let t = 70 - 48. Suppose 3*g + 3*d - 58 = -t, -d = -4*g + 58. Calculate the highest common divisor of 154 and g.
14
Let a(v) be the first derivative of -2*v**3/3 - v**2/2 + v - 5. Let m be a(-2). Let s = m + 26. What is the highest common divisor of 84 and s?
21
Let b(u) = 2*u + 12. Let r be b(11). Calculate the greatest common factor of 34 and r.
34
Let f = -301 - -457. Let j = f - 74. Suppose -3*h = -313 + j. Calculate the greatest common divisor of 11 and h.
11
Let d = 136 + -33. Calculate the greatest common factor of d and 412.
103
Let w(l) = l**3 + 4*l**2 + 4*l + 17. Let m be w(-3). Calculate the greatest common factor of 686 and m.
14
Let b = 1 + -1. Suppose 34*h - 29*h - 55 = b. What is the greatest common divisor of 77 and h?
11
Let u(t) = -2*t + 7. Let m be u(-5). Let b = 94 - m. Suppose -5*i + 54 = -g, 0*i + 30 = 3*i - 3*g. What is the greatest common divisor of b and i?
11
Let f = -2 + 6. Let c be 241 + (6/27 - 8/36). Suppose -c = -f*i + 479. Calculate the greatest common divisor of 20 and i.
20
Let x(k) = 3*k - 153. Let z be x(0). Let d = z - -293. What is the greatest common factor of 28 and d?
28
Suppose 3*t - 7*t + 80 = 0. Let g be t/10 + -1 + 3. Suppose -2*j + 4*a = -214, 0 = -j + g*a + 152 - 55. Calculate the greatest common divisor of j and 13.
13
Let d(m) = m**2 - 28*m - 42. Let c be d(35). Calculate the highest common divisor of c and 7.
7
Suppose 378 - 63 = 5*a. Let u = -1841 + 1850. Calculate the greatest common divisor of u and a.
9
Let w = -1 + 16. Let n = 20 - w. Suppose 5*h - 2*a = 20, 3 = 2*h - 4*a - n. Calculate the greatest common divisor of h and 20.
4
Let h(a) = a**3 + 10*a**2 + 7*a - 11. Let w be h(-9). Suppose -w*y = -59 - 18. Let n = 99 - 33. Calculate the greatest common divisor of y and n.
11
Let j(q) = -2*q + 34. Let k be j(16). Suppose -a - 2*g + 219 = 0, 0 = 3*a + k*g - g - 672. What is the greatest common divisor of a and 15?
15
Let r be -2 - (3*14 - (5 + -2)). Let b = r - -49. Suppose 3*n + 2*n = -25, 0 = 2*g - 2*n - 186. What is the greatest common factor of g and b?
8
Let h(a) = 6*a**2 + 7*a + 8. Let o be h(-6). Suppose 2*f - 51 = 1. Calculate the greatest common divisor of f and o.
26
Let b(w) = -w**3 - 30*w**2 + 62*w + 32. Let a be b(-32). What is the highest common divisor of a and 128?
32
Let d(b) = -2*b**3 + b**2 + 3*b + 4. Let w be d(-4). Let j be 10/(-4)*34/(-5). Calculate the highest common factor of w and j.
17
Let f be (-1 + 0/(-1))*-40. Suppose 0 = -14*j + 153 + 407. Calculate the highest common factor of j and f.
40
Let i(z) = z**3 + 7*z**2 - 19*z + 8. Let t be i(2). Calculate the greatest common factor of 750 and t.
6
Let q(m) = 89*m**2 + 7*m + 9. Let c be q(-1). Calculate the greatest common factor of 65 and c.
13
Suppose 2*o = -18*y + 20*y + 242, -141 = -o + 5*y. Calculate the greatest common factor of 87 and o.
29
Let w = -5 + 5. Suppose 0*v + 4*v - 72 = w. What is the greatest common factor of 6 and v?
6
Let i be (72/10)/9 + 371/5. What is the highest common factor of 825 and i?
75
Let b(j) = -2*j**3 - 3*j - 1. Let s be b(-2). Let d = 21 - s. Suppose 3 = -3*v, 2*r + d*r = 2*v + 14. Calculate the highest common divisor of r and 2.
2
Suppose 0 = 5*a - b - 249, -63 = -2*a + 2*b + 35. Let g(w) = 2*w - 6. Let y be g(4). Let r = 7 - y. What is the highest common divisor of a and r?
5
Let a be 7*(-10)/(-70) - -284. Let o(k) = -4*k - 5. Let g be o(-5). Calculate the greatest common divisor of a and g.
15
Let x(i) = -8*i + 3. Suppose 0 = -5*z + 4*g + 10, z + 3*z - 4*g - 12 = 0. Let m be x(z). Calculate the greatest common factor of 209 and m.
19
Suppose 73*t - 79*t + 570 = 0. What is the highest common factor of t and 55?
5
Let s be 80/(-30)*6/(-4). Let a(c) = c**2 + 3*c. Let m be a(-7). Calculate the highest common divisor of s and m.
4
Let x(p) = -6*p - 16. Suppose 3*z - 13 - 2 = 0. Suppose -3*i - 3*g = 30, 0 = z*i + 4*g + 45 + 2. Let w be x(i). Calculate the highest common factor of 39 and w.
13
Suppose p - 9 = -2*p. Let k = -24 + 28. Suppose p*u - k = -u. Calculate the highest common factor of 6 and u.
1
Let p be (-72303)/(-539) - 24/21. Calculate the highest common factor of 2660 and p.
133
Suppose 5*p - 415 = -5*n, -p - 10*n + 13*n = -63. What is the greatest common factor of p and 117?
39
Suppose 1292 = -44*b + 46*b - f, -5*b + 3230 = f. Calculate the greatest common factor of b and 38.
38
Suppose 0 = -2*v - 4*q - 47 + 367, -3*v - 5*q + 482 = 0. Calculate the greatest common factor of 1681 and v.
41
Let k be (-10)/(-12) + 11/(66/343). What is the greatest common divisor of 725 and k?
29
Let s(v) = 77*v**3 - 3*v**2 + 15*v - 12. Let k be s(1). Suppose 0 = -2*b - 3*b - 2*w + 25, -w + 23 = 4*b. Calculate the greatest common divisor of b and k.
7
Suppose 0 = -4*j - 3*k + 51, -j + 24 = 30*k - 33*k. Calculate the greatest common factor of j and 75.
15
Let t be (2/(-4))/((-6)/4428) - -3. Calculate the highest common factor of 12 and t.
12
Let u(z) = 24*z**2 + 9*z + 53. Let s be u(7). What is the greatest common divisor of s and 19?
19
Suppose -4*n - 157 = -1217. Let z be 2 + (0 - 0 - -333). Suppose -n = -5*p + z. Calculate the highest common divisor of p and 24.
24
Let k = 25 + -20. Suppose k*i - 90 = -i. Let j(t) = 26*t - 3. Let f be j(3). What is the highest common divisor of i and f?
15
Let b be -5*7/(-70)*80/2. Calculate the greatest common divisor of 150 and b.
10
Suppose 0 = 5*u - 15 + 5. Suppose 5 = 3*x - q - 0*q, 3*x + 5*q = 29. Suppose 0 = x*b - b - 4. What is the highest common divisor of b and u?
2
Let j be (204/8)/((-1)/2). Let f = -26 - j. Suppose 0 = -5*o - 3*m + 1390, 4*o - o = 2*m + 815. Calculate the highest common divisor of f and o.
25
Suppose 4*z = 8*z - 168. Suppose -5*r + 2*s + 2304 = -0*s, -3*r - 5*s + 1401 = 0. What is the greatest common factor of r and z?
42
Let t(v) = 73*v + 3. Let w be t(3). Suppose -6 = 3*n - 5*n. Suppose w = n*y - 3*z, 4*y - 199 = -4*z + 65. What is the highest common factor of 28 and y?
14
Let n(f) be the first derivative of f**4/4 + 2*f**3 + f**2 - 9*f - 6. Let x be n(-5). Suppose 2*u - 72 = -2*u. What is the greatest common factor of u and x?
6
Let d be (2 - 0/(-3)) + 2. Suppose p + 3*a - 4 = 0, 0*p + d*p = -3*a + 7. Let s be (p/(-1))/(5/(-145)). Calculate the greatest common factor of 319 and s.
29
Let t be (-9)/3 - (-2 - 5). Let x be (t + 21)*10/25. Suppose 0 - 330 = -3*c. What is the highest common factor of x and c?
10
Suppose 0*x = 3*x - 132. Suppose 4*v - 20 - x = 0. Let h = 77 + -29. Calculate the greatest common divisor of h and v.
16
Let d = 55 - 19. Let h be -2 - ((-12)/4 + -23). What is the highest common divisor of h and d?
12
Let a(j) = j**2 - 7*j - 6. Let i be a(-2). Calculate the highest common factor of i and 52.
4
Let o(k) be the second derivative of k**3/6 + 25*k**2/2 - 8*k. Let x be o(-8). Suppose -5*z = -10*z + 595. Calculate the highest common divisor of z and x.
17
Let t = -707 + 715. Calculate the greatest common divisor of 156 and t.
4
Suppose 2*b - 168 = -4*t - 18, -279 = -4*b - t. What is the greatest common factor of 115 and b?
23
Let r be 4 - (-5 - -1 - -4 - 136). Calculate the highest common factor of r and 60.
20
Let q